te the highest common divisor of 43 and m.
43
Let b = 59 + -41. Suppose 0 = -9*h + 4*h, -4*h - b = 3*w. Let j be (2/w*-3)/1. Calculate the greatest common divisor of j and 1.
1
Let h = -41 - 25. Let p = 55 - h. Let o be 114/10 - 4/10. Calculate the highest common divisor of p and o.
11
Let t be (3/2)/(9/240). Let m = -4 + t. What is the greatest common factor of 4 and m?
4
Suppose -4*n = -29 - 19. What is the highest common divisor of 4 and n?
4
Suppose 0*s - 2*s + 190 = 2*o, -2*o + 187 = 5*s. What is the greatest common factor of o and 6?
6
Let k(a) = 5*a - 4. Suppose s = 3*d - 0*d + 18, -s - 3*d - 12 = 0. Let b be k(s). Let u be 442/b + 8/(-44). What is the highest common factor of u and 20?
20
Let x(p) = 7*p**2 + p. Let h be x(-1). Calculate the greatest common divisor of h and 1.
1
Suppose 3*d = 3*y + 78, d = 2*y - 8 + 31. What is the highest common divisor of 203 and d?
29
Let g = -15 - -15. Suppose 9*c - 4*c - 400 = g. Let r(y) = -2*y + 2. Let x be r(-7). Calculate the greatest common divisor of c and x.
16
Let p(w) = -48*w + 8. Let n be p(-2). Calculate the greatest common factor of 8 and n.
8
Let r = 2 + -1. Let d be -6 + 1 - 2/r. Let n = d - -17. What is the highest common divisor of 110 and n?
10
Let t(c) = 2*c**2 + 10*c + 8. Let k be t(-7). Suppose 157 + k = -o. Let u = -49 - o. What is the highest common divisor of u and 16?
16
Suppose -j + 12 = 4*o, 5*j + 3*o - 2*o = 22. Suppose -l + 5*y - 155 = -6*l, 5*l - 128 = j*y. What is the highest common divisor of 4 and l?
4
Let q(v) = v**3 - 3*v**2 - 5*v - 7. Let d = 18 - 13. Let m be q(d). What is the highest common factor of 3 and m?
3
Suppose -12 = 3*t, -3*c + 3*t - 12 + 63 = 0. Let r be ((-6)/5)/((-26)/(-65)) - -94. What is the highest common factor of r and c?
13
Suppose 0 = -2*r + 60 + 28. Calculate the highest common divisor of 220 and r.
44
Let p be (-5 + 6)/((-1)/11). Let x = -15 - p. Let m be (-6)/x*(-8)/(-3). What is the highest common divisor of m and 1?
1
Let r(z) = 5*z**2 - 4*z - 1. Let x be r(4). Calculate the highest common divisor of x and 9.
9
Let j be 0/(-3 - -1) - 0. Suppose 0*x + x - 5*w - 3 = j, 3*w = -2*x - 33. Let h be x/(-1)*(0 + 6). What is the highest common factor of 8 and h?
8
Let y(a) = -a**2 - 4*a - 1. Let j be y(-3). Suppose 5 + 24 = 3*d - j*g, 0 = 3*d + 3*g - 54. Calculate the highest common divisor of 65 and d.
13
Let c be (-6)/(-9)*3*1. Suppose 4*n + 4*z - 172 = 44, c*z = 0. Suppose 0 = 2*x + 4, -2*x + 2 = -0*w + w. Calculate the greatest common divisor of n and w.
6
Suppose 3*t - t - 36 = 0. What is the greatest common divisor of t and 2?
2
Let i(d) = d + 3. Let x be i(0). What is the highest common divisor of x and 9?
3
Suppose 6*m = 10*m - 20. Let h be 21*(m - 1)/4. What is the highest common divisor of h and 3?
3
Let l(c) = c**3 + 6*c**2 + 5*c + 2. Let o be l(-5). Suppose 992 = 2*w + o*w. What is the highest common factor of 31 and w?
31
Suppose 3*g - 8*g = -20. Suppose -g*h - 476 = -7*f + 3*f, -4 = 2*h. Calculate the highest common factor of 13 and f.
13
Let m = 2 + -1. Let a be (12/(-15))/(m/(-5)). Suppose a*x - 19 + 7 = 0. What is the greatest common factor of 24 and x?
3
Suppose 2 = -c - 4*j + 44, 2*j - 10 = 0. Suppose 0 = -3*o + o + 352. Suppose x = -0*x + o. Calculate the greatest common divisor of c and x.
22
Let x be 10*(0 - (-14)/4). What is the greatest common divisor of 245 and x?
35
Let v be 1 - -1*1*9. Let j(u) = -u**3 - 6*u**2 + 8*u + 7. Let i be j(-7). Let o(b) = -3*b + 4. Let q be o(i). What is the greatest common factor of q and v?
2
Suppose -2*x = c - 37, 3*x + 7 + 5 = c. What is the highest common factor of 243 and c?
27
Let g(s) = -s**3 - 3*s**2 + 7*s - 1. Suppose n - 10 = 3*n. Let b be g(n). What is the highest common divisor of b and 14?
14
Suppose -3*l - m + 190 = 0, 2*l - 3*l - m + 64 = 0. Let i = -18 - -25. What is the highest common factor of l and i?
7
Suppose -m + 3 + 5 = -l, -m - 3*l = 0. Calculate the greatest common divisor of m and 15.
3
Let v(u) = u**3 - 5*u**2 + 4*u - 12. Let z be v(5). Calculate the greatest common divisor of z and 88.
8
Suppose a - 5 = -4*n, -5*a = -n - 2*a - 2. Suppose 1 = o - n. What is the greatest common divisor of 16 and o?
2
Suppose 17 = 5*j - 3*u, 5*u + 0*u = 5*j - 15. Suppose 8 = -2*t - j. Let w = t - -16. Calculate the highest common divisor of 10 and w.
10
Let d(u) = u**3 + 11*u**2 - 14*u + 16. Let v be d(-12). What is the highest common divisor of v and 5?
5
Let d be (-6)/(-2)*42/9. Calculate the highest common factor of d and 140.
14
Suppose 4*q = 5*p + 283, -3*p = 3*q + p - 251. Calculate the highest common divisor of 7 and q.
7
Let b(m) = m**3 + 2*m**2 + 2. Let c be b(-2). Let j = -1 - 2. Let y be (-8)/j*(-3)/(-2). What is the greatest common divisor of y and c?
2
Let y(u) = -u**2 + u + 4. Let l(i) = -2*i**2 + 3*i + 8. Let w(m) = 6*l(m) - 13*y(m). Let x be w(-7). What is the highest common divisor of x and 2?
2
Suppose 3*c - 8*c - 340 = -5*q, 2*q + 3*c = 116. Suppose -b + v = -5*b + q, -2*v - 22 = -2*b. What is the highest common factor of b and 45?
15
Let x be 1/(-4) - 34/(-8). Suppose x*g = 46 + 46. Suppose 65 = 3*s + g. What is the highest common factor of 2 and s?
2
Suppose 33*x = 29*x + 312. Calculate the greatest common factor of x and 6.
6
Suppose 116 = m + 1. What is the greatest common divisor of m and 23?
23
Suppose 0 = 5*s + 3*w - 51 - 121, -s = -5*w - 12. What is the highest common factor of 8 and s?
8
Let w(b) = 4*b**3 - 5*b**2 - 3*b + 3. Let r be w(5). Suppose r = 5*g + 33. Suppose 6*n - g = 3*n. What is the greatest common divisor of n and 2?
2
Let f be (-801)/(-7) + (-48)/(-84). Calculate the greatest common factor of 46 and f.
23
Suppose y + y = -2*b + 114, -89 = -2*b + 3*y. What is the highest common factor of 26 and b?
26
Let o be 1368/14 + 4/14. Let t = -35 + o. Let q be (2/4)/((-1)/(-84)). Calculate the highest common divisor of q and t.
21
Let k be ((-410)/(-25))/(-2 + (-36)/(-15)). Calculate the highest common factor of 41 and k.
41
Suppose -2 = -2*y + 10. Suppose 0 = -3*g + y*g - 225. What is the greatest common divisor of 15 and g?
15
Suppose 0 = -3*v - 4*o + 10, 0 = 5*o + 10 - 30. Let s = 16 - v. Calculate the greatest common factor of 162 and s.
18
Suppose 0 = -5*g - 2*t - 30, g + 3*t - t = 2. Let j(r) = r - 6. Let h be j(0). Let f be h/(-4) + g/16. Calculate the highest common divisor of f and 11.
1
Let s(l) = l**3 - 2. Let y be s(2). Calculate the highest common divisor of 2 and y.
2
Suppose -3*z + 443 = 3*t - 49, -3*z = 4*t - 489. Let r = z + -68. What is the greatest common factor of 9 and r?
9
Suppose -2*h = -3*f - 105, -f + 40 = 3*h - 2*h. Calculate the greatest common divisor of h and 30.
15
Suppose 5*s + 6 - 16 = 0. What is the highest common divisor of 6 and s?
2
Let h = 102 + 266. Calculate the highest common factor of h and 23.
23
Let n(w) = 2*w**3 - w**2 - w + 1. Let g be (8/6)/((-2)/6). Let b = g - -5. Let k be n(b). What is the highest common factor of k and 7?
1
Suppose -m - i + 9 = 2*m, m + 4 = 2*i. Suppose 0 = -m*o - o + 60. Calculate the highest common divisor of o and 160.
20
Suppose -8 + 2 = -3*a. Calculate the highest common divisor of 10 and a.
2
Suppose b - 108 = -0*l + 2*l, -4*l = 3*b - 344. Calculate the greatest common factor of 14 and b.
14
Let l be 1/5 - (-637)/65. Let d be ((-16)/6)/4*-15. Calculate the highest common divisor of l and d.
10
Let y = 13 - 5. What is the highest common factor of 2 and y?
2
Let x = -131 - -141. What is the highest common divisor of x and 250?
10
Let u = 2 + -1. Let j be 16/6 - u/(-3). Let w = -11 - -44. Calculate the greatest common divisor of j and w.
3
Let s be 1499/6 - (-2)/12. Suppose -4*m = -610 + s. What is the highest common divisor of m and 10?
10
Let f = 563 - 395. What is the greatest common divisor of f and 21?
21
Let m(k) = k**2 - 3*k - 8. Let u be m(6). What is the greatest common factor of u and 10?
10
Suppose -5*g - 34 = -z, 0 = 4*z - 2*g - 11 - 179. Calculate the greatest common divisor of 343 and z.
49
Suppose 49*k - 112 = 41*k. Let g = 316 + -218. What is the highest common factor of g and k?
14
Let v be (49/17 - 3) + 1073/17. What is the greatest common divisor of 18 and v?
9
Let o(m) = -m**3 + 9*m**2 - 2*m - 4. Let d be o(6). Suppose -4 = -0*s - s, 4*v - s = d. Suppose -2*l +